{"id":131,"date":"2016-01-11T17:27:58","date_gmt":"2016-01-11T23:27:58","guid":{"rendered":"http:\/\/riograndezac.gob.mx\/informatica\/?page_id=131"},"modified":"2016-02-02T15:39:37","modified_gmt":"2016-02-02T21:39:37","slug":"xxi-la-informacion-contenida-en-los-documentos-y-expedientes-relativos-a-todo-tipo-de-auditorias-concluidas-y-realizadas","status":"publish","type":"page","link":"https:\/\/riograndezac.gob.mx\/informatica\/?page_id=131","title":{"rendered":"XXI. La informaci\u00f3n contenida en los documentos y expedientes relativos a todo tipo de auditor\u00edas concluidas y realizadas"},"content":{"rendered":"<p style=\"text-align: justify;\"><strong>La informaci\u00f3n contenida en los documentos y expedientes relativos a todo tipo de auditor\u00edas concluidas y realizadas, para evaluar el ejercicio presupuestal y la gesti\u00f3n de cada sujeto obligado, que realicen la Contralor\u00eda Interna del Gobierno del Estado, las contralor\u00edas municipales, las contralor\u00edas internas de los \u00d3rganos a los que se refiere esta Ley, la Auditor\u00eda Superior del Estado, o la Auditor\u00eda Superior de la Federaci\u00f3n, o las equivalentes de cualquiera de todas las anteriores, as\u00ed como las aclaraciones que correspondan.<\/strong><\/p>\n<div>\n<p style=\"text-align: right;\">Informaci\u00f3n actualizada al 4\u00b0 trimestre 2015<\/p>\n<p style=\"text-align: left;\"><strong>Listado de auditor\u00edas<\/strong><\/p>\n<table border=\"0\" width=\"591\">\n<tbody>\n<tr>\n<td width=\"286\">\n<div align=\"center\"><strong>Auditor\u00eda<\/strong><\/div>\n<\/td>\n<td width=\"289\">\n<div align=\"center\"><strong>Departamento que genera la informaci\u00f3n<\/strong><\/div>\n<\/td>\n<\/tr>\n<tr>\n<td>\n<ul>\n<li><a href=\"http:\/\/media.riograndezac.gob.mx\/riograndezac.gob.mx\/archivos\/transparencia\/fraccionXXI\/2015\/1er_trimestre\/OFICIO%20ARTICULO%2011%20FRACCION%20XXI.pdf\" target=\"_blank\">Auditor\u00eda 2013<\/a><\/li>\n<li><a href=\"http:\/\/media.riograndezac.gob.mx\/riograndezac.gob.mx\/archivos\/transparencia\/fraccionXXI\/2015\/2do_trimestre\/Articulo_11_FraccionXIX_2do_trimestre_2015.pdf\" target=\"_blank\">2\u00b0 trimestre 2015<\/a><\/li>\n<li><a href=\"http:\/\/media.riograndezac.gob.mx\/riograndezac.gob.mx\/archivos\/transparencia\/fraccionXXI\/2015\/3er_trimestre\/ARTICULO_11_FRACCION_XXI_3er_trimestre_2015.pdf\" target=\"_blank\">3er trimestre 2015<\/a><\/li>\n<li><a href=\"http:\/\/media.riograndezac.gob.mx\/riograndezac.gob.mx\/archivos\/transparencia\/fraccionXXI\/2015\/4to_trimestre\/ARTICULO_11_FRACCION_XXI_4to_trimestre_2015.pdf\" target=\"_blank\">4\u00b0 trimestre 2015<\/a><\/li>\n<\/ul>\n<\/td>\n<td>\n<ul>\n<li>Sindicatura<\/li>\n<\/ul>\n<\/td>\n<\/tr>\n<\/tbody>\n<\/table>\n<hr \/>\n<p style=\"text-align: center;\"><strong>Informaci\u00f3n 2014<\/strong><\/p>\n<div>\n<div>\n<ul>\n<li>Auditor\u00eda 2012 (Esta a\u00fan se encuentra en proceso, por lo cual se clasifica como reservada hasta su conclusi\u00f3n)<\/li>\n<\/ul>\n<div>\n<ul>\n<li><a href=\"http:\/\/media.riograndezac.gob.mx\/riograndezac.gob.mx\/archivos\/transparencia\/fraccionXXI\/2014\/Auditoria_2011.pdf\" target=\"_blank\">Auditoria 2011<\/a><\/li>\n<li><a href=\"http:\/\/media.riograndezac.gob.mx\/riograndezac.gob.mx\/archivos\/transparencia\/fraccionXXI\/Cuenta_Publica_Municipal_de_RioGrande.pdf\" target=\"_blank\">Informe de Resultados sobre la evaluaci\u00f3n de la cuenta P\u00fablica Municipal 2011<\/a><\/li>\n<\/ul>\n<\/div>\n<\/div>\n<\/div>\n<\/div>\n","protected":false},"excerpt":{"rendered":"<p>La informaci\u00f3n contenida en los documentos y expedientes relativos a todo tipo de auditor\u00edas concluidas y realizadas, para evaluar el ejercicio presupuestal y la gesti\u00f3n de cada sujeto obligado, que realicen la Contralor\u00eda Interna del Gobierno del Estado, las contralor\u00edas municipales, las contralor\u00edas internas de los \u00d3rganos a los que se refiere esta Ley, la Auditor\u00eda Superior del Estado, o la Auditor\u00eda Superior de la Federaci\u00f3n, o las equivalentes de cualquiera de todas las anteriores, as\u00ed como las aclaraciones que correspondan. Informaci\u00f3n actualizada al 4\u00b0 trimestre 2015 Listado de auditor\u00edas&hellip;<\/p>\n","protected":false},"author":1,"featured_media":0,"parent":7,"menu_order":0,"comment_status":"closed","ping_status":"closed","template":"","meta":{"_monsterinsights_skip_tracking":false,"_monsterinsights_sitenote_active":false,"_monsterinsights_sitenote_note":"","_monsterinsights_sitenote_category":0,"footnotes":""},"class_list":["post-131","page","type-page","status-publish","hentry"],"_links":{"self":[{"href":"https:\/\/riograndezac.gob.mx\/informatica\/index.php?rest_route=\/wp\/v2\/pages\/131","targetHints":{"allow":["GET"]}}],"collection":[{"href":"https:\/\/riograndezac.gob.mx\/informatica\/index.php?rest_route=\/wp\/v2\/pages"}],"about":[{"href":"https:\/\/riograndezac.gob.mx\/informatica\/index.php?rest_route=\/wp\/v2\/types\/page"}],"author":[{"embeddable":true,"href":"https:\/\/riograndezac.gob.mx\/informatica\/index.php?rest_route=\/wp\/v2\/users\/1"}],"replies":[{"embeddable":true,"href":"https:\/\/riograndezac.gob.mx\/informatica\/index.php?rest_route=%2Fwp%2Fv2%2Fcomments&post=131"}],"version-history":[{"count":7,"href":"https:\/\/riograndezac.gob.mx\/informatica\/index.php?rest_route=\/wp\/v2\/pages\/131\/revisions"}],"predecessor-version":[{"id":2555,"href":"https:\/\/riograndezac.gob.mx\/informatica\/index.php?rest_route=\/wp\/v2\/pages\/131\/revisions\/2555"}],"up":[{"embeddable":true,"href":"https:\/\/riograndezac.gob.mx\/informatica\/index.php?rest_route=\/wp\/v2\/pages\/7"}],"wp:attachment":[{"href":"https:\/\/riograndezac.gob.mx\/informatica\/index.php?rest_route=%2Fwp%2Fv2%2Fmedia&parent=131"}],"curies":[{"name":"wp","href":"https:\/\/api.w.org\/{rel}","templated":true}]}}