{"id":137,"date":"2016-01-11T17:31:44","date_gmt":"2016-01-11T23:31:44","guid":{"rendered":"http:\/\/riograndezac.gob.mx\/informatica\/?page_id=137"},"modified":"2016-02-05T10:45:35","modified_gmt":"2016-02-05T16:45:35","slug":"xxiv-listado-de-la-informacion-clasificada-como-reservada-o-confidencial-y-su-plazo-de-reserva","status":"publish","type":"page","link":"https:\/\/riograndezac.gob.mx\/informatica\/?page_id=137","title":{"rendered":"XXIV. Listado de la informaci\u00f3n clasificada como reservada o confidencial y su plazo de reserva."},"content":{"rendered":"<p><strong>Listado de la informaci\u00f3n clasificada como reservada o confidencial y su plazo de reserva.<\/strong><\/p>\n<p style=\"text-align: right;\">Informaci\u00f3n actualizada al 4\u00b0 trimestre 2015<\/p>\n<p style=\"text-align: left;\"><strong>Acuerdo de Informaci\u00f3n Reservada y Confidencial<\/strong><\/p>\n<ul>\n<li style=\"text-align: left;\"><a href=\"http:\/\/media.riograndezac.gob.mx\/riograndezac.gob.mx\/archivos\/transparencia\/fraccionXXIV\/2015\/4to_trimestre\/Certificado_Acuerdo_clasificacion_informacion_4to_2015.pdf\" target=\"_blank\">Acuerdo de Informaci\u00f3n Reservada y Confidencial<\/a><\/li>\n<\/ul>\n<p>&nbsp;<\/p>\n<p style=\"text-align: left;\"><strong>Listado de informaci\u00f3n reservada y confidencial<\/strong><\/p>\n<ul>\n<li><a href=\"http:\/\/media.riograndezac.gob.mx\/riograndezac.gob.mx\/archivos\/transparencia\/fraccionXXIV\/2015\/4to_trimestre\/Informacion_Reservada_o_Confidencial_4to_trimestre_2015.pdf\" target=\"_blank\">Listado de Informaci\u00f3n<\/a><\/li>\n<\/ul>\n<p>&nbsp;<\/p>\n<p><strong>Nota:<\/strong> La informaci\u00f3n de esta fracci\u00f3n la proporciona cada uno de los departamentos<\/p>\n<hr \/>\n<p style=\"text-align: center;\"><strong>Informaci\u00f3n 2014<\/strong><\/p>\n<p style=\"text-align: left;\"><strong>Listado de informaci\u00f3n reservada y confidencial<\/strong><\/p>\n<ul>\n<li><a href=\"http:\/\/media.riograndezac.gob.mx\/riograndezac.gob.mx\/archivos\/transparencia\/fraccionXXIV\/info_confidencial_3er_Trim.pdf\" target=\"_blank\">Listado de Informaci\u00f3n<\/a><\/li>\n<\/ul>\n<p>&nbsp;<\/p>\n","protected":false},"excerpt":{"rendered":"<p>Listado de la informaci\u00f3n clasificada como reservada o confidencial y su plazo de reserva. Informaci\u00f3n actualizada al 4\u00b0 trimestre 2015 Acuerdo de Informaci\u00f3n Reservada y Confidencial Acuerdo de Informaci\u00f3n Reservada y Confidencial &nbsp; Listado de informaci\u00f3n reservada y confidencial Listado de Informaci\u00f3n &nbsp; Nota: La informaci\u00f3n de esta fracci\u00f3n la proporciona cada uno de los departamentos Informaci\u00f3n 2014 Listado de informaci\u00f3n reservada y confidencial Listado de Informaci\u00f3n &nbsp;<\/p>\n","protected":false},"author":1,"featured_media":0,"parent":7,"menu_order":0,"comment_status":"closed","ping_status":"closed","template":"","meta":{"_monsterinsights_skip_tracking":false,"_monsterinsights_sitenote_active":false,"_monsterinsights_sitenote_note":"","_monsterinsights_sitenote_category":0,"footnotes":""},"class_list":["post-137","page","type-page","status-publish","hentry"],"_links":{"self":[{"href":"https:\/\/riograndezac.gob.mx\/informatica\/index.php?rest_route=\/wp\/v2\/pages\/137","targetHints":{"allow":["GET"]}}],"collection":[{"href":"https:\/\/riograndezac.gob.mx\/informatica\/index.php?rest_route=\/wp\/v2\/pages"}],"about":[{"href":"https:\/\/riograndezac.gob.mx\/informatica\/index.php?rest_route=\/wp\/v2\/types\/page"}],"author":[{"embeddable":true,"href":"https:\/\/riograndezac.gob.mx\/informatica\/index.php?rest_route=\/wp\/v2\/users\/1"}],"replies":[{"embeddable":true,"href":"https:\/\/riograndezac.gob.mx\/informatica\/index.php?rest_route=%2Fwp%2Fv2%2Fcomments&post=137"}],"version-history":[{"count":10,"href":"https:\/\/riograndezac.gob.mx\/informatica\/index.php?rest_route=\/wp\/v2\/pages\/137\/revisions"}],"predecessor-version":[{"id":2609,"href":"https:\/\/riograndezac.gob.mx\/informatica\/index.php?rest_route=\/wp\/v2\/pages\/137\/revisions\/2609"}],"up":[{"embeddable":true,"href":"https:\/\/riograndezac.gob.mx\/informatica\/index.php?rest_route=\/wp\/v2\/pages\/7"}],"wp:attachment":[{"href":"https:\/\/riograndezac.gob.mx\/informatica\/index.php?rest_route=%2Fwp%2Fv2%2Fmedia&parent=137"}],"curies":[{"name":"wp","href":"https:\/\/api.w.org\/{rel}","templated":true}]}}