{"id":150,"date":"2015-08-11T17:58:29","date_gmt":"2015-08-11T17:58:29","guid":{"rendered":"http:\/\/riograndezac.gob.mx\/informatica\/?page_id=150"},"modified":"2015-08-11T19:14:29","modified_gmt":"2015-08-11T19:14:29","slug":"articulo-15","status":"publish","type":"page","link":"https:\/\/riograndezac.gob.mx\/informatica\/?page_id=150","title":{"rendered":"Articulo 15"},"content":{"rendered":"<blockquote>\n<p style=\"text-align: center;\"><strong>INFORMACI\u00d3N DE OFICIO Art. 15<\/strong><\/p>\n<\/blockquote>\n<p style=\"text-align: left;\"><strong><a href=\"https:\/\/riograndezac.gob.mx\/informatica\/?page_id=152\">I.\u00a0El Plan Municipal de Desarrollo, el Plan de Desarrollo Urbano, los programas operativos anuales<\/a><\/strong><\/p>\n<p style=\"text-align: left;\"><strong><a href=\"https:\/\/riograndezac.gob.mx\/informatica\/?page_id=155\">II.\u00a0La informaci\u00f3n detallada que contengan los planes de ordenamiento territorial y ecol\u00f3gico<\/a><\/strong><\/p>\n<p style=\"text-align: left;\"><strong><a href=\"https:\/\/riograndezac.gob.mx\/informatica\/?page_id=157\">III.\u00a0Los estudios de desarrollo urbano y el catalogo de servicios p\u00fablicos<\/a><\/strong><\/p>\n<p style=\"text-align: left;\"><a href=\"https:\/\/riograndezac.gob.mx\/informatica\/?page_id=159\"><strong>IV.\u00a0Las participaciones federales y todos los recursos que integran su hacienda<\/strong><\/a><\/p>\n<p style=\"text-align: left;\"><strong><a href=\"https:\/\/riograndezac.gob.mx\/informatica\/?page_id=161\">V.\u00a0Los criterios y mecanismos de participaci\u00f3n ciudadana en los procesos de elaboraci\u00f3n, implementaci\u00f3n y evaluaci\u00f3n<\/a><\/strong><\/p>\n<p style=\"text-align: left;\"><strong><a href=\"https:\/\/riograndezac.gob.mx\/informatica\/?page_id=163\">VI.\u00a0Los informes anuales municipales<\/a><\/strong><\/p>\n<p style=\"text-align: left;\"><strong><a href=\"https:\/\/riograndezac.gob.mx\/informatica\/?page_id=165\">VII.\u00a0Los montos recibidos por concepto de multas, recargos, dep\u00f3sitos fiscales y fianzas<\/a><\/strong><\/p>\n<p style=\"text-align: left;\"><strong><a href=\"https:\/\/riograndezac.gob.mx\/informatica\/?page_id=167\">VIII.\u00a0Los empr\u00e9stitos, deudas contra\u00eddas, as\u00ed como la enajenaci\u00f3n de bienes<\/a><\/strong><\/p>\n<p style=\"text-align: left;\"><strong><a href=\"https:\/\/riograndezac.gob.mx\/informatica\/?page_id=170\">IX.\u00a0Los controles de asistencia de los integrantes del Ayuntamiento a las sesiones del cabildo<\/a><\/strong><\/p>\n<p style=\"text-align: left;\"><strong><a href=\"https:\/\/riograndezac.gob.mx\/informatica\/?page_id=172\">X.\u00a0Las iniciativas de ley, decretos, bandos, reglamentos o disposiciones de car\u00e1cter general o particular<\/a><\/strong><\/p>\n<p style=\"text-align: left;\"><strong><a href=\"https:\/\/riograndezac.gob.mx\/informatica\/?page_id=174\">XI.\u00a0La informaci\u00f3n que sea de utilidad para el conocimiento y evaluaci\u00f3n de las funciones y pol\u00edticas p\u00fablicas responsabilidad del ayuntamiento.<\/a><\/strong><\/p>\n","protected":false},"excerpt":{"rendered":"<p>INFORMACI\u00d3N DE OFICIO Art. 15 I.\u00a0El Plan Municipal de Desarrollo, el Plan de Desarrollo Urbano, los programas operativos anuales II.\u00a0La informaci\u00f3n detallada que contengan los planes de ordenamiento territorial y ecol\u00f3gico III.\u00a0Los estudios de desarrollo urbano y el catalogo de servicios p\u00fablicos IV.\u00a0Las participaciones federales y todos los recursos que integran su hacienda V.\u00a0Los criterios y mecanismos de participaci\u00f3n ciudadana en los procesos de elaboraci\u00f3n, implementaci\u00f3n y evaluaci\u00f3n VI.\u00a0Los informes anuales municipales VII.\u00a0Los montos recibidos por concepto de multas, recargos, dep\u00f3sitos fiscales y fianzas VIII.\u00a0Los empr\u00e9stitos, deudas contra\u00eddas, as\u00ed como&hellip;<\/p>\n","protected":false},"author":1,"featured_media":0,"parent":7,"menu_order":0,"comment_status":"closed","ping_status":"closed","template":"","meta":{"_monsterinsights_skip_tracking":false,"_monsterinsights_sitenote_active":false,"_monsterinsights_sitenote_note":"","_monsterinsights_sitenote_category":0,"footnotes":""},"class_list":["post-150","page","type-page","status-publish","hentry"],"_links":{"self":[{"href":"https:\/\/riograndezac.gob.mx\/informatica\/index.php?rest_route=\/wp\/v2\/pages\/150","targetHints":{"allow":["GET"]}}],"collection":[{"href":"https:\/\/riograndezac.gob.mx\/informatica\/index.php?rest_route=\/wp\/v2\/pages"}],"about":[{"href":"https:\/\/riograndezac.gob.mx\/informatica\/index.php?rest_route=\/wp\/v2\/types\/page"}],"author":[{"embeddable":true,"href":"https:\/\/riograndezac.gob.mx\/informatica\/index.php?rest_route=\/wp\/v2\/users\/1"}],"replies":[{"embeddable":true,"href":"https:\/\/riograndezac.gob.mx\/informatica\/index.php?rest_route=%2Fwp%2Fv2%2Fcomments&post=150"}],"version-history":[{"count":12,"href":"https:\/\/riograndezac.gob.mx\/informatica\/index.php?rest_route=\/wp\/v2\/pages\/150\/revisions"}],"predecessor-version":[{"id":1199,"href":"https:\/\/riograndezac.gob.mx\/informatica\/index.php?rest_route=\/wp\/v2\/pages\/150\/revisions\/1199"}],"up":[{"embeddable":true,"href":"https:\/\/riograndezac.gob.mx\/informatica\/index.php?rest_route=\/wp\/v2\/pages\/7"}],"wp:attachment":[{"href":"https:\/\/riograndezac.gob.mx\/informatica\/index.php?rest_route=%2Fwp%2Fv2%2Fmedia&parent=150"}],"curies":[{"name":"wp","href":"https:\/\/api.w.org\/{rel}","templated":true}]}}