{"id":157,"date":"2016-01-11T18:07:20","date_gmt":"2016-01-12T00:07:20","guid":{"rendered":"http:\/\/riograndezac.gob.mx\/informatica\/?page_id=157"},"modified":"2016-02-03T12:04:27","modified_gmt":"2016-02-03T18:04:27","slug":"art15-iii-los-estudios-de-desarrollo-urbano-y-el-catalogo-de-servicios-publicos","status":"publish","type":"page","link":"https:\/\/riograndezac.gob.mx\/informatica\/?page_id=157","title":{"rendered":"Art15 &#8211; III. Los estudios de desarrollo urbano y el catalogo de servicios p\u00fablicos."},"content":{"rendered":"<div id=\"_mcePaste\"><strong>Los estudios de desarrollo urbano y el catalogo de servicios p\u00fablicos.<\/strong><\/div>\n<div style=\"text-align: right;\">\n<p>Informaci\u00f3n actualizada al 4\u00b0 trimestre 2015<\/p>\n<p align=\"left\"><strong>Estudios de desrrollo urbano<\/strong><\/p>\n<div align=\"left\">\n<table border=\"0\" width=\"687\">\n<tbody>\n<tr>\n<td width=\"402\">\n<div align=\"center\"><strong>Nombre<\/strong><\/div>\n<\/td>\n<td width=\"269\">\n<div align=\"center\"><strong>Departamento que genera la informaci\u00f3n<\/strong><\/div>\n<\/td>\n<\/tr>\n<tr>\n<td>\n<ul>\n<li><a href=\"http:\/\/media.riograndezac.gob.mx\/riograndezac.gob.mx\/archivos\/transparencia\/art15\/fraccionIII\/2015\/1er_trimestre\/FRACCIONAMIENTOS%20IRREGULARES.pdf\" target=\"_blank\">Fraccionamientos Irregulares<\/a><\/li>\n<\/ul>\n<\/td>\n<td>\n<ul>\n<li>Direcci\u00f3n de Obras y Servicios P\u00fablicos<\/li>\n<\/ul>\n<\/td>\n<\/tr>\n<tr>\n<td>\n<ul>\n<li><a href=\"http:\/\/media.riograndezac.gob.mx\/riograndezac.gob.mx\/archivos\/transparencia\/art15\/fraccionIII\/2015\/1er_trimestre\/ORDENAMIENTO%20URBANO.pdf\" target=\"_blank\">Ordenamietno Urbano<\/a><\/li>\n<\/ul>\n<\/td>\n<td>\n<ul>\n<li>Direcci\u00f3n de Obras y Servicios P\u00fablicos<\/li>\n<\/ul>\n<\/td>\n<\/tr>\n<tr>\n<td>\n<ul>\n<li><a href=\"http:\/\/media.riograndezac.gob.mx\/riograndezac.gob.mx\/archivos\/transparencia\/art15\/fraccionIII\/2015\/1er_trimestre\/Programa_de_Desarrollo_Urbano%202006-2016.pdf\" target=\"_blank\">Programa de Desarrollo Urbano<\/a><\/li>\n<\/ul>\n<\/td>\n<td>\n<ul>\n<li>Direcci\u00f3n de Obras y Servicios P\u00fablicos<\/li>\n<\/ul>\n<\/td>\n<\/tr>\n<\/tbody>\n<\/table>\n<\/div>\n<p align=\"left\"><strong>Catalogo de servicios p\u00fablicos<\/strong><\/p>\n<ul>\n<li style=\"text-align: left;\"><a href=\"http:\/\/media.riograndezac.gob.mx\/riograndezac.gob.mx\/archivos\/transparencia\/fraccion_2\/2015\/Servicios\/4to_Trimestre\/Servicios_Alcoholes_4to_2015.pdf\" target=\"_blank\">Departamento de Alcoholes<\/a><\/li>\n<li style=\"text-align: left;\"><a href=\"http:\/\/media.riograndezac.gob.mx\/riograndezac.gob.mx\/archivos\/transparencia\/fraccion_2\/2015\/Servicios\/4to_Trimestre\/Servicios_catastro_4to_2015.pdf\" target=\"_blank\">Catastro y Predial<\/a><\/li>\n<li style=\"text-align: left;\"><a href=\"http:\/\/media.riograndezac.gob.mx\/riograndezac.gob.mx\/archivos\/transparencia\/fraccion_2\/2015\/Servicios\/4to_Trimestre\/Servicios_Cebis_4to_2015.pdf\" target=\"_blank\">Cebis<\/a><\/li>\n<li style=\"text-align: left;\"><a href=\"http:\/\/media.riograndezac.gob.mx\/riograndezac.gob.mx\/archivos\/transparencia\/fraccion_2\/2015\/Servicios\/4to_Trimestre\/Servicios_Centro_SUMAR_4to_trim_2015.pdf\" target=\"_blank\">Centro SUMAR<\/a><\/li>\n<li style=\"text-align: left;\"><a href=\"http:\/\/media.riograndezac.gob.mx\/riograndezac.gob.mx\/archivos\/transparencia\/fraccion_2\/2015\/Servicios\/4to_Trimestre\/Servicios_Cultura_4to_trim_2015.pdf\" target=\"_blank\">Instituto Municipal de Cultura<\/a><\/li>\n<li style=\"text-align: left;\"><a href=\"http:\/\/media.riograndezac.gob.mx\/riograndezac.gob.mx\/archivos\/transparencia\/fraccion_2\/2015\/Servicios\/4to_Trimestre\/Servicios_Deporte_4to_2015.pdf\" target=\"_blank\">Coordinaci\u00f3n Municipal del Deporte<\/a><\/li>\n<li style=\"text-align: left;\"><a href=\"http:\/\/media.riograndezac.gob.mx\/riograndezac.gob.mx\/archivos\/transparencia\/fraccion_2\/2015\/Servicios\/4to_Trimestre\/Servicios_Des_Agro_4to_trim_2015.pdf\" target=\"_blank\">Desarrollo Agropecuario<\/a><\/li>\n<li style=\"text-align: left;\"><a href=\"http:\/\/media.riograndezac.gob.mx\/riograndezac.gob.mx\/archivos\/transparencia\/fraccion_2\/2015\/Servicios\/4to_Trimestre\/Servicios_DIF_4to_2015.pdf\" target=\"_blank\">DIF<\/a><\/li>\n<li style=\"text-align: left;\"><a href=\"http:\/\/media.riograndezac.gob.mx\/riograndezac.gob.mx\/archivos\/transparencia\/fraccion_2\/2015\/Servicios\/4to_Trimestre\/Servicios_IMJUVE2_4to_trim_2015.pdf\" target=\"_blank\">IMJUVE<\/a><\/li>\n<li style=\"text-align: left;\"><a href=\"http:\/\/media.riograndezac.gob.mx\/riograndezac.gob.mx\/archivos\/transparencia\/fraccion_2\/2015\/Servicios\/4to_Trimestre\/Servicios_Registro_Civil_4to_trim_2015.pdf\" target=\"_blank\">Registro Civil<\/a><\/li>\n<li style=\"text-align: left;\"><a href=\"http:\/\/media.riograndezac.gob.mx\/riograndezac.gob.mx\/archivos\/transparencia\/fraccion_2\/2015\/Servicios\/4to_Trimestre\/Servicios_Secretaria_gob_4to_2015.pdf\" target=\"_blank\">Secretar\u00eda de Gobierno<\/a><\/li>\n<li style=\"text-align: left;\"><a href=\"http:\/\/media.riograndezac.gob.mx\/riograndezac.gob.mx\/archivos\/transparencia\/fraccion_2\/2015\/Servicios\/4to_Trimestre\/Servivios_Proteccion_civil_4to_2015.pdf\" target=\"_blank\">Protecci\u00f3n Civil y Bomberos<\/a><\/li>\n<li style=\"text-align: left;\"><a href=\"http:\/\/media.riograndezac.gob.mx\/riograndezac.gob.mx\/archivos\/transparencia\/fraccion_2\/2015\/Servicios\/4to_Trimestre\/Servicios_OP_4to_2015.pdf\" target=\"_blank\">Obras y Servicios P\u00fablicos<\/a><\/li>\n<\/ul>\n<div>\n<p align=\"left\"><strong>Los Municipios tendr\u00e1n a su cargo los siguientes servicios p\u00fablicos:<\/strong><\/p>\n<\/div>\n<div>\n<div align=\"left\">\n<p style=\"text-align: justify;\">I. Agua potable, drenaje, alcantarillado, tratamiento y disposici\u00f3n de aguas residuales;<\/p>\n<\/div>\n<\/div>\n<div style=\"text-align: justify;\">\n<div align=\"left\">\n<p>II. Alumbrado p\u00fablico;<\/p>\n<\/div>\n<\/div>\n<div style=\"text-align: justify;\">\n<div align=\"left\">\n<p>III. Limpia, recolecci\u00f3n, traslado, tratamiento y disposici\u00f3n final de residuos;<\/p>\n<\/div>\n<\/div>\n<div style=\"text-align: justify;\">\n<div align=\"left\">\n<p>IV. Mercados y centrales de abasto;<\/p>\n<\/div>\n<\/div>\n<div style=\"text-align: justify;\">\n<div align=\"left\">\n<p>V. Panteones;<\/p>\n<\/div>\n<\/div>\n<div style=\"text-align: justify;\">\n<div align=\"left\">\n<p>VI. Rastro;<\/p>\n<\/div>\n<\/div>\n<div style=\"text-align: justify;\">\n<div align=\"left\">\n<p>VII. Calles, parques y jardines y su equipamiento;<\/p>\n<\/div>\n<\/div>\n<div style=\"text-align: justify;\">\n<div align=\"left\">\n<p>VIII. Seguridad p\u00fablica, que incluye Polic\u00eda Preventiva Municipal, Tr\u00e1nsito, Bomberos y Protecci\u00f3n Civil; y<\/p>\n<\/div>\n<\/div>\n<div style=\"text-align: justify;\">\n<div align=\"left\">\n<p>IX. Las dem\u00e1s que determine la Legislatura del Estado de acuerdo con las condiciones territoriales y socioecon\u00f3micas, y la capacidad administrativa y financiera del Municipio.<\/p>\n<\/div>\n<\/div>\n<div style=\"text-align: justify;\"><\/div>\n<div style=\"text-align: justify;\">\n<div align=\"left\">\n<p>Los Municipios con el concurso del Estado, cuando as\u00ed fuere necesario y lo determinen las leyes, podr\u00e1n prestar coordinadamente alg\u00fan o algunos de los servicios p\u00fablicos antes enumerados. La Legislatura, tomando en cuenta las condiciones territoriales y socioecon\u00f3micas de los Municipios, as\u00ed como su capacidad administrativa y financiera, podr\u00e1 determinar los servicios que estar\u00e1n a cargo de \u00e9stos y los que en coordinaci\u00f3n con el Estado se presten.<\/p>\n<\/div>\n<\/div>\n<div>\n<div align=\"left\">\n<p>Por ser de inter\u00e9s p\u00fablico y prioritario, los servicios de suministro y abastecimiento de agua potable, drenaje, alcantarillado, tratamiento y disposici\u00f3n de aguas residuales, seguridad p\u00fablica, tr\u00e1nsito y alumbrado p\u00fablico podr\u00e1n ser prestados con el concurso del Estado, mediante los convenios respectivos.<\/p>\n<\/div>\n<\/div>\n<div>\n<div align=\"left\">\n<p>La Legislatura podr\u00e1 autorizar que dos o m\u00e1s Municipios previo acuerdo de sus Ayuntamientos, se asocien o coordinen para la prestaci\u00f3n de servicios p\u00fablicos.<\/p>\n<\/div>\n<\/div>\n<hr \/>\n<p style=\"text-align: center;\"><strong>Informaci\u00f3n 2014<\/strong><\/p>\n<p>&nbsp;<\/p>\n<\/div>\n<div style=\"text-align: left;\"><strong>Estudios de desarrollo urbano<\/strong><\/div>\n<div style=\"text-align: left;\">\n<ul>\n<li><a href=\"http:\/\/media.riograndezac.gob.mx\/riograndezac.gob.mx\/archivos\/transparencia\/art15\/fraccionIII\/Estudio_de_desarrollo_urbano_2014.pdf\" target=\"_blank\">Estudio de desarrollo ubano<\/a><\/li>\n<\/ul>\n<\/div>\n<div><strong>Catalogo de Servicios<\/strong><\/div>\n<div>\n<h3>Los Municipios tendr\u00e1n a su cargo los siguientes servicios p\u00fablicos:<\/h3>\n<\/div>\n<div><em>I. Agua potable, drenaje, alcantarillado, tratamiento y disposici\u00f3n de aguas residuales;<\/em><\/div>\n<div><em>II. Alumbrado p\u00fablico;<\/em><\/div>\n<div><em>III. Limpia, recolecci\u00f3n, traslado, tratamiento y disposici\u00f3n final de residuos;<\/em><\/div>\n<div><em>IV. Mercados y centrales de abasto;<\/em><\/div>\n<div><em>V. Panteones;<\/em><\/div>\n<div><em>VI. Rastro;<\/em><\/div>\n<div><em>VII. Calles, parques y jardines y su equipamiento;<\/em><\/div>\n<div><em>VIII. Seguridad p\u00fablica, que incluye Polic\u00eda Preventiva Municipal, Tr\u00e1nsito, Bomberos y Protecci\u00f3n Civil; y<\/em><\/div>\n<div><em>IX. Las dem\u00e1s que determine la Legislatura del Estado de acuerdo con las condiciones territoriales y socioecon\u00f3micas, y la capacidad administrativa y financiera del Municipio.<\/em><\/div>\n<div><em><br \/>\n<\/em><\/div>\n<div>Los Municipios con el concurso del Estado, cuando as\u00ed fuere necesario y lo determinen las leyes, podr\u00e1n prestar coordinadamente alg\u00fan o algunos de los servicios p\u00fablicos antes enumerados. La Legislatura, tomando en cuenta las condiciones territoriales y socioecon\u00f3micas de los Municipios, as\u00ed como su capacidad administrativa y financiera, podr\u00e1 determinar los servicios que estar\u00e1n a cargo de \u00e9stos y los que en coordinaci\u00f3n con el Estado se presten.<\/div>\n<div>Por ser de inter\u00e9s p\u00fablico y prioritario, los servicios de suministro y abastecimiento de agua potable, drenaje, alcantarillado, tratamiento y disposici\u00f3n de aguas residuales, seguridad p\u00fablica, tr\u00e1nsito y alumbrado p\u00fablico podr\u00e1n ser prestados con el concurso del Estado, mediante los convenios respectivos.<\/div>\n<div>La Legislatura podr\u00e1 autorizar que dos o m\u00e1s Municipios previo acuerdo de sus Ayuntamientos, se asocien o coordinen para la prestaci\u00f3n de servicios p\u00fablicos.<\/div>\n<div>\n<p>SERVICIOS<\/p>\n<ul>\n<li><a href=\"http:\/\/media.riograndezac.gob.mx\/riograndezac.gob.mx\/archivos\/transparencia\/Servicios_2014\/Secretaria_de_Gobierno_Servicios.pdf\" target=\"_blank\">Secretar\u00eda de Gobierno Municipal<\/a><\/li>\n<li><a href=\"http:\/\/media.riograndezac.gob.mx\/riograndezac.gob.mx\/archivos\/transparencia\/Servicios_2014\/Obras_Publicas_Servicios.pdf\" target=\"_blank\">Obras y Servicios P\u00fablicos<\/a><\/li>\n<li><a href=\"http:\/\/media.riograndezac.gob.mx\/riograndezac.gob.mx\/archivos\/transparencia\/Servicios_2014\/Seguridad_Publica_Servicios2014.pdf\" target=\"_blank\">Seguridad P\u00fablica<\/a><\/li>\n<li><a href=\"http:\/\/media.riograndezac.gob.mx\/riograndezac.gob.mx\/archivos\/transparencia\/Servicios_2014\/Tramites_y_Requisitos_DIF_2014.pdf\" target=\"_blank\">Servicios y Tramites DIF<\/a><\/li>\n<li><a href=\"http:\/\/media.riograndezac.gob.mx\/riograndezac.gob.mx\/archivos\/transparencia\/Servicios_2014\/Servicios_Proteccion_Civil_2014.pdf\" target=\"_blank\">Protecci\u00f3n Civil<\/a><\/li>\n<li><a href=\"http:\/\/media.riograndezac.gob.mx\/riograndezac.gob.mx\/archivos\/transparencia\/Servicios_2014\/Catastro_Servicios.pdf\" target=\"_blank\">Catastro y Predial<\/a><\/li>\n<li><a href=\"http:\/\/media.riograndezac.gob.mx\/riograndezac.gob.mx\/archivos\/transparencia\/Servicios_2014\/Comercio_Servicios.pdf\" target=\"_blank\">Comercio<\/a><\/li>\n<li><a href=\"http:\/\/media.riograndezac.gob.mx\/riograndezac.gob.mx\/archivos\/transparencia\/Servicios_2014\/Deporte_Servicios.pdf\" target=\"_blank\">Coordinaci\u00f3n Municipal del Deporte<\/a><\/li>\n<li><a href=\"http:\/\/media.riograndezac.gob.mx\/riograndezac.gob.mx\/archivos\/transparencia\/Servicios_2014\/Servicios_Desarrollo_Agropecuario.pdf\" target=\"_blank\">Desarrollo Agropecuario<\/a><\/li>\n<li><a href=\"http:\/\/media.riograndezac.gob.mx\/riograndezac.gob.mx\/archivos\/transparencia\/Servicios_2014\/IMJUVE_Servicios.pdf\" target=\"_blank\">Instituto Municipal de la Juventud<\/a><\/li>\n<li><a href=\"http:\/\/media.riograndezac.gob.mx\/riograndezac.gob.mx\/archivos\/transparencia\/Servicios_2014\/Migrante_Servicios.pdf\" target=\"_blank\">Departamento de Atenci\u00f3n al Migrante<\/a><\/li>\n<li><a href=\"http:\/\/media.riograndezac.gob.mx\/riograndezac.gob.mx\/archivos\/transparencia\/Servicios_2014\/Rastro_Municiapal_Servicios.pdf\" target=\"_blank\">Rastro Municipal<\/a><\/li>\n<li><a href=\"http:\/\/media.riograndezac.gob.mx\/riograndezac.gob.mx\/archivos\/transparencia\/Servicios_2014\/Registro_Civil_Servicios.pdf\" target=\"_blank\">Registro Civil<\/a><\/li>\n<\/ul>\n<\/div>\n","protected":false},"excerpt":{"rendered":"<p>Los estudios de desarrollo urbano y el catalogo de servicios p\u00fablicos. Informaci\u00f3n actualizada al 4\u00b0 trimestre 2015 Estudios de desrrollo urbano Nombre Departamento que genera la informaci\u00f3n Fraccionamientos Irregulares Direcci\u00f3n de Obras y Servicios P\u00fablicos Ordenamietno Urbano Direcci\u00f3n de Obras y Servicios P\u00fablicos Programa de Desarrollo Urbano Direcci\u00f3n de Obras y Servicios P\u00fablicos Catalogo de servicios p\u00fablicos Departamento de Alcoholes Catastro y Predial Cebis Centro SUMAR Instituto Municipal de Cultura Coordinaci\u00f3n Municipal del Deporte Desarrollo Agropecuario DIF IMJUVE Registro Civil Secretar\u00eda de Gobierno Protecci\u00f3n Civil y Bomberos Obras y Servicios&hellip;<\/p>\n","protected":false},"author":1,"featured_media":0,"parent":7,"menu_order":0,"comment_status":"closed","ping_status":"closed","template":"","meta":{"_monsterinsights_skip_tracking":false,"_monsterinsights_sitenote_active":false,"_monsterinsights_sitenote_note":"","_monsterinsights_sitenote_category":0,"footnotes":""},"class_list":["post-157","page","type-page","status-publish","hentry"],"_links":{"self":[{"href":"https:\/\/riograndezac.gob.mx\/informatica\/index.php?rest_route=\/wp\/v2\/pages\/157","targetHints":{"allow":["GET"]}}],"collection":[{"href":"https:\/\/riograndezac.gob.mx\/informatica\/index.php?rest_route=\/wp\/v2\/pages"}],"about":[{"href":"https:\/\/riograndezac.gob.mx\/informatica\/index.php?rest_route=\/wp\/v2\/types\/page"}],"author":[{"embeddable":true,"href":"https:\/\/riograndezac.gob.mx\/informatica\/index.php?rest_route=\/wp\/v2\/users\/1"}],"replies":[{"embeddable":true,"href":"https:\/\/riograndezac.gob.mx\/informatica\/index.php?rest_route=%2Fwp%2Fv2%2Fcomments&post=157"}],"version-history":[{"count":9,"href":"https:\/\/riograndezac.gob.mx\/informatica\/index.php?rest_route=\/wp\/v2\/pages\/157\/revisions"}],"predecessor-version":[{"id":2573,"href":"https:\/\/riograndezac.gob.mx\/informatica\/index.php?rest_route=\/wp\/v2\/pages\/157\/revisions\/2573"}],"up":[{"embeddable":true,"href":"https:\/\/riograndezac.gob.mx\/informatica\/index.php?rest_route=\/wp\/v2\/pages\/7"}],"wp:attachment":[{"href":"https:\/\/riograndezac.gob.mx\/informatica\/index.php?rest_route=%2Fwp%2Fv2%2Fmedia&parent=157"}],"curies":[{"name":"wp","href":"https:\/\/api.w.org\/{rel}","templated":true}]}}