{"id":174,"date":"2016-01-15T14:17:25","date_gmt":"2016-01-15T20:17:25","guid":{"rendered":"http:\/\/riograndezac.gob.mx\/informatica\/?page_id=174"},"modified":"2016-02-03T12:31:15","modified_gmt":"2016-02-03T18:31:15","slug":"art15-xi-estudio-sobre-el-cumplimiento-de-la-ley-de-transparencia-y-acceso-a-la-informacion-publica","status":"publish","type":"page","link":"https:\/\/riograndezac.gob.mx\/informatica\/?page_id=174","title":{"rendered":"Art15 &#8211; XI. La informaci\u00f3n que sea de utilidad o resulte relevante para el conocimiento y evaluaci\u00f3n de las funciones"},"content":{"rendered":"<p style=\"text-align: justify;\"><strong>La informaci\u00f3n que sea de utilidad o resulte relevante para el conocimiento y evaluaci\u00f3n de las funciones y pol\u00edticas p\u00fablicas responsabilidad del ayuntamiento y sus dependencias; la Comisi\u00f3n podr\u00e1 expedir los lineamientos espec\u00edficos para tales efectos.<\/strong><\/p>\n<p style=\"text-align: right;\">Informaci\u00f3n actualizada al 4\u00b0 trimestre del 2015<\/p>\n<ul>\n<li><a href=\"http:\/\/ceaip-zac.org\/a20-f3\/\" target=\"_blank\">Resultados de Evaluaci\u00f3n CEAIP<\/a><\/li>\n<li><a href=\"http:\/\/media.riograndezac.gob.mx\/riograndezac.gob.mx\/archivos\/transparencia\/art15\/fraccionXI\/2015\/3er_trimestre\/Evaluaci\u00f3n%20CEAIP%202do%20Trimestre%202015.pdf\" target=\"_blank\">Resultados de Evaluaci\u00f3n 2\u00b0 Trimestre 2015<\/a><\/li>\n<li><a href=\"http:\/\/media.riograndezac.gob.mx\/riograndezac.gob.mx\/archivos\/transparencia\/art15\/fraccionXI\/2015\/2do_trimestre\/Gobierno%20Abierto.pdf\" target=\"_blank\">Invitaci\u00f3n Gobierno Abierto (18 de Agosto 2015)<\/a><\/li>\n<li><a href=\"http:\/\/media.riograndezac.gob.mx\/riograndezac.gob.mx\/archivos\/transparencia\/art15\/fraccionXI\/2015\/2do_trimestre\/Cuentas_Bancarias_Tesoreria_2015.pdf\" target=\"_blank\">Cuentas Bancarias del Municipio de R\u00edo Grande<\/a><\/li>\n<li>\u00bfTienes propuestas para mejorar tu entorno? (Gobierno Abierto del 23 al 27 de noviembre de 2015)<img loading=\"lazy\" decoding=\"async\" id=\"__wp-temp-img-id\" class=\"aligncenter\" title=\"\" src=\"http:\/\/media.riograndezac.gob.mx\/riograndezac.gob.mx\/archivos\/transparencia\/art15\/fraccionXI\/2015\/3er_trimestre\/Gobierno%20Abierto%202.jpg\" alt=\"Gobierno Abierto\" width=\"637\" height=\"986\" \/><\/li>\n<\/ul>\n","protected":false},"excerpt":{"rendered":"<p>La informaci\u00f3n que sea de utilidad o resulte relevante para el conocimiento y evaluaci\u00f3n de las funciones y pol\u00edticas p\u00fablicas responsabilidad del ayuntamiento y sus dependencias; la Comisi\u00f3n podr\u00e1 expedir los lineamientos espec\u00edficos para tales efectos. Informaci\u00f3n actualizada al 4\u00b0 trimestre del 2015 Resultados de Evaluaci\u00f3n CEAIP Resultados de Evaluaci\u00f3n 2\u00b0 Trimestre 2015 Invitaci\u00f3n Gobierno Abierto (18 de Agosto 2015) Cuentas Bancarias del Municipio de R\u00edo Grande \u00bfTienes propuestas para mejorar tu entorno? (Gobierno Abierto del 23 al 27 de noviembre de 2015)<\/p>\n","protected":false},"author":1,"featured_media":0,"parent":7,"menu_order":0,"comment_status":"closed","ping_status":"closed","template":"","meta":{"_monsterinsights_skip_tracking":false,"_monsterinsights_sitenote_active":false,"_monsterinsights_sitenote_note":"","_monsterinsights_sitenote_category":0,"footnotes":""},"class_list":["post-174","page","type-page","status-publish","hentry"],"_links":{"self":[{"href":"https:\/\/riograndezac.gob.mx\/informatica\/index.php?rest_route=\/wp\/v2\/pages\/174","targetHints":{"allow":["GET"]}}],"collection":[{"href":"https:\/\/riograndezac.gob.mx\/informatica\/index.php?rest_route=\/wp\/v2\/pages"}],"about":[{"href":"https:\/\/riograndezac.gob.mx\/informatica\/index.php?rest_route=\/wp\/v2\/types\/page"}],"author":[{"embeddable":true,"href":"https:\/\/riograndezac.gob.mx\/informatica\/index.php?rest_route=\/wp\/v2\/users\/1"}],"replies":[{"embeddable":true,"href":"https:\/\/riograndezac.gob.mx\/informatica\/index.php?rest_route=%2Fwp%2Fv2%2Fcomments&post=174"}],"version-history":[{"count":7,"href":"https:\/\/riograndezac.gob.mx\/informatica\/index.php?rest_route=\/wp\/v2\/pages\/174\/revisions"}],"predecessor-version":[{"id":2579,"href":"https:\/\/riograndezac.gob.mx\/informatica\/index.php?rest_route=\/wp\/v2\/pages\/174\/revisions\/2579"}],"up":[{"embeddable":true,"href":"https:\/\/riograndezac.gob.mx\/informatica\/index.php?rest_route=\/wp\/v2\/pages\/7"}],"wp:attachment":[{"href":"https:\/\/riograndezac.gob.mx\/informatica\/index.php?rest_route=%2Fwp%2Fv2%2Fmedia&parent=174"}],"curies":[{"name":"wp","href":"https:\/\/api.w.org\/{rel}","templated":true}]}}