{"id":6601,"date":"2018-09-28T12:20:17","date_gmt":"2018-09-28T17:20:17","guid":{"rendered":"http:\/\/riograndezac.gob.mx\/informatica\/?page_id=6601"},"modified":"2018-09-28T12:26:55","modified_gmt":"2018-09-28T17:26:55","slug":"acuerdos-sesion-solemne-2018-2021","status":"publish","type":"page","link":"https:\/\/riograndezac.gob.mx\/informatica\/?page_id=6601","title":{"rendered":"Acuerdos Sesi\u00f3n Solemne 2018 &#8211; 2021"},"content":{"rendered":"<p style=\"text-align: center;\">\n<table id=\"tablepress-6\" class=\"tablepress tablepress-id-6\">\n<thead>\n<tr class=\"row-1\">\n\t<th class=\"column-1\">NO. SESI\u00d3N<\/th><th class=\"column-2\">ACUERDO DE SESI\u00d3N SOLEMNE<\/th><th class=\"column-3\">FECHA<\/th><th class=\"column-4\">DESCARGAR<\/th>\n<\/tr>\n<\/thead>\n<tbody class=\"row-striping row-hover\">\n<tr class=\"row-2\">\n\t<td class=\"column-1\">1<\/td><td class=\"column-2\">TOMA DE PROTESTA DEL INGENIERO JULIO CESAR RAMIREZ LOPEZ, COMO ALCALDE CONSTITUCIONAL DEL REPUBLICANO AYUNTAMIENTO 2018-2021, \u00d3RGANO SUPREMO DEL GOBIERNO MUNICIPAL DE R\u00cdO GRANDE, ZACATECAS.<\/td><td class=\"column-3\">15\/09\/18<\/td><td class=\"column-4\"><a href=\"http:\/\/riograndezac.gob.mx\/informatica\/wp-content\/uploads\/2018\/09\/acuerdo-cabildo-sesion-solemne-1.pdf\" rel=\"noopener noreferrer\" target=\"_blank\"><img loading=\"lazy\" decoding=\"async\" src=\"http:\/\/riograndezac.gob.mx\/informatica\/wp-content\/uploads\/2018\/09\/pdf-icon-e1537915507553.png\" alt=\"\" width=\"46\" height=\"45\" class=\"aligncenter size-full wp-image-6540\" \/><\/a><\/td>\n<\/tr>\n<tr class=\"row-3\">\n\t<td class=\"column-1\">1<\/td><td class=\"column-2\">TOMA DE PROTESTA DE LA SINDICA MUNICIPAL Y DE LOS REGIDORES QUE INTEGRAN EL R. AYUNTAMIENTO 2018 - 2021<\/td><td class=\"column-3\">15\/09\/18<\/td><td class=\"column-4\"><a href=\"http:\/\/riograndezac.gob.mx\/informatica\/wp-content\/uploads\/2018\/09\/acuerdo-cabildo-sesion-SOLEMNE-10002.pdf\" rel=\"noopener noreferrer\" target=\"_blank\"><img loading=\"lazy\" decoding=\"async\" src=\"http:\/\/riograndezac.gob.mx\/informatica\/wp-content\/uploads\/2018\/09\/pdf-icon-e1537915507553.png\" alt=\"\" width=\"46\" height=\"45\" class=\"aligncenter size-full wp-image-6540\" \/><\/a><\/td>\n<\/tr>\n<tr class=\"row-4\">\n\t<td class=\"column-1\">2<\/td><td class=\"column-2\">\u201cPrimer Informe de Gobierno del Ingeniero Julio Cesar Ram\u00edrez L\u00f3pez, Presidente Municipal, sobre el estado que guarda la Administraci\u00f3n Municipal y las labores realizadas durante el periodo 2018-2019.\u201d<\/td><td class=\"column-3\">13\/09\/19<\/td><td class=\"column-4\"><a href=\"http:\/\/riograndezac.gob.mx\/informatica\/wp-content\/uploads\/2019\/09\/CERTIFICACI\u00d3N-DE-ACUERDOS-INFORME-DEL-PRESIDENTE.pdf\" rel=\"noopener noreferrer\" target=\"_blank\"><img loading=\"lazy\" decoding=\"async\" src=\"http:\/\/riograndezac.gob.mx\/informatica\/wp-content\/uploads\/2018\/09\/pdf-icon-e1537915507553.png\" alt=\"\" width=\"46\" height=\"45\" class=\"aligncenter size-full wp-image-6540\" \/><\/a><\/td>\n<\/tr>\n<tr class=\"row-5\">\n\t<td class=\"column-1\">2<\/td><td class=\"column-2\">\u201cMensaje del Gobernador Constitucional del Estado de Zacatecas, por parte del Licenciado Adolfo Bonilla G\u00f3mez, Secretario del Campo del Gobierno Estatal en representaci\u00f3n del Ejecutivo del Estado Libre y Soberano de Zacatecas Licenciado Alejandro Tello.\u201d<\/td><td class=\"column-3\">13\/09\/19<\/td><td class=\"column-4\"><a href=\"http:\/\/riograndezac.gob.mx\/informatica\/wp-content\/uploads\/2019\/09\/CERTIFICACI\u00d3N-DE-ACUERDOS-MENSAJE-DEL-GOBERNADOR.pdf\" rel=\"noopener noreferrer\" target=\"_blank\"><img loading=\"lazy\" decoding=\"async\" src=\"http:\/\/riograndezac.gob.mx\/informatica\/wp-content\/uploads\/2018\/09\/pdf-icon-e1537915507553.png\" alt=\"\" width=\"46\" height=\"45\" class=\"aligncenter size-full wp-image-6540\" \/><\/a><\/td>\n<\/tr>\n<tr class=\"row-6\">\n\t<td class=\"column-1\">2<\/td><td class=\"column-2\">\u201cExposici\u00f3n de Motivos Relativo a que el republicano Ayuntamiento tiene la facultad de rendir a la poblaci\u00f3n por conducto del Presidente Municipal el Primer Informe Anual sobre el estado que guarde la Administraci\u00f3n P\u00fablica Municipal.\u201d<\/td><td class=\"column-3\">13\/09\/19<\/td><td class=\"column-4\"><a href=\"http:\/\/riograndezac.gob.mx\/informatica\/wp-content\/uploads\/2019\/09\/CERTIFICACI\u00d3N-DE-ACUERDOS-EXPOSICI\u00d3N-DE-MOTIVOS.pdf\" rel=\"noopener noreferrer\" target=\"_blank\"><img loading=\"lazy\" decoding=\"async\" src=\"http:\/\/riograndezac.gob.mx\/informatica\/wp-content\/uploads\/2018\/09\/pdf-icon-e1537915507553.png\" alt=\"\" width=\"46\" height=\"45\" class=\"aligncenter size-full wp-image-6540\" \/><\/a><\/td>\n<\/tr>\n<tr class=\"row-7\">\n\t<td class=\"column-1\">2<\/td><td class=\"column-2\">\u201cSe apruebo por UNANIMIDAD, el Orden del D\u00eda, que a la letra dice:<br \/>\n1.- Pase de lista.<br \/>\n2.- Declaraci\u00f3n de Qu\u00f3rum Legal e Instalaci\u00f3n de la Asamblea.<br \/>\n3.- Lectura y aprobaci\u00f3n del Orden del D\u00eda.<br \/>\n4.- Exposici\u00f3n de Motivos Relativo a que el republicano Ayuntamiento tiene la facultad de rendir a la poblaci\u00f3n por conducto del Presidente Municipal el Primer Informe Anual sobre el estado que guarde la Administraci\u00f3n P\u00fablica Municipal.<br \/>\n5.- Primer Informe de Gobierno del Ingeniero Julio Cesar Ram\u00edrez L\u00f3pez, Presidente Municipal, sobre el estado que guarda la Administraci\u00f3n Municipal y las labores realizadas durante el periodo 2018-2019.<br \/>\n6.- Mensaje del Gobernador Constitucional del Estado de Zacatecas, Licenciado Alejandro Tello Cristerna o quien lo represente.<br \/>\n7.- Clausura de la Sesi\u00f3n.\u201d<\/td><td class=\"column-3\">13\/09\/19<\/td><td class=\"column-4\"><a href=\"http:\/\/riograndezac.gob.mx\/informatica\/wp-content\/uploads\/2019\/09\/CERTIFICACI\u00d3N-DE-ACUERDOS.pdf\" rel=\"noopener noreferrer\" target=\"_blank\"><img loading=\"lazy\" decoding=\"async\" src=\"http:\/\/riograndezac.gob.mx\/informatica\/wp-content\/uploads\/2018\/09\/pdf-icon-e1537915507553.png\" alt=\"\" width=\"46\" height=\"45\" class=\"aligncenter size-full wp-image-6540\" \/><\/a><\/td>\n<\/tr>\n<tr class=\"row-8\">\n\t<td class=\"column-1\">3<\/td><td class=\"column-2\">SESION SOLEMNE DEL D\u00cdA 13 DE SEPTIEMBRE DEL 2019<\/td><td class=\"column-3\">13\/09\/19<\/td><td class=\"column-4\"><a href=\"http:\/\/riograndezac.gob.mx\/informatica\/wp-content\/uploads\/2020\/05\/solemne-primer-informe2.0.pdf\" rel=\"noopener noreferrer\" target=\"_blank\"><img loading=\"lazy\" decoding=\"async\" src=\"http:\/\/riograndezac.gob.mx\/informatica\/wp-content\/uploads\/2018\/09\/pdf-icon-e1537915507553.png\" alt=\"\" width=\"46\" height=\"45\" class=\"aligncenter size-full wp-image-6540\" \/><\/a><\/td>\n<\/tr>\n<tr class=\"row-9\">\n\t<td class=\"column-1\">3<\/td><td class=\"column-2\">\u201cSegundo Informe de Gobierno del Ingeniero Julio Cesar Ram\u00edrez L\u00f3pez, Presidente Municipal, sobre el estado que guarda la Administraci\u00f3n Municipal y las labores realizadas durante el periodo septiembre 2019 a septiembre 2020.\u201d <\/td><td class=\"column-3\">11\/09\/20<\/td><td class=\"column-4\"><a href=\"http:\/\/riograndezac.gob.mx\/informatica\/wp-content\/uploads\/2020\/09\/CERTIFICACI\u00d3N-DE-ACUERDOS-INFORME-DEL-PRESIDENTE.pdf\" rel=\"noopener noreferrer\" target=\"_blank\"><img loading=\"lazy\" decoding=\"async\" src=\"http:\/\/riograndezac.gob.mx\/informatica\/wp-content\/uploads\/2018\/09\/pdf-icon-e1537915507553.png\" alt=\"\" width=\"46\" height=\"45\" class=\"aligncenter size-full wp-image-6540\" \/><\/a><\/td>\n<\/tr>\n<tr class=\"row-10\">\n\t<td class=\"column-1\">3<\/td><td class=\"column-2\">\u201cMensaje del Gobernador Constitucional del Estado de Zacatecas, por parte del Licenciado Adolfo Bonilla G\u00f3mez, Secretario del Campo del Gobierno Estatal en representaci\u00f3n del Ejecutivo del Estado Libre y Soberano de Zacatecas Licenciado Alejandro Tello.\u201d <\/td><td class=\"column-3\">11\/09\/20<\/td><td class=\"column-4\"><a href=\"http:\/\/riograndezac.gob.mx\/informatica\/wp-content\/uploads\/2020\/09\/CERTIFICACI\u00d3N-DE-ACUERDOS-MENSAJE-DEL-GOBERNADOR.pdf\" rel=\"noopener noreferrer\" target=\"_blank\"><img loading=\"lazy\" decoding=\"async\" src=\"http:\/\/riograndezac.gob.mx\/informatica\/wp-content\/uploads\/2018\/09\/pdf-icon-e1537915507553.png\" alt=\"\" width=\"46\" height=\"45\" class=\"aligncenter size-full wp-image-6540\" \/><\/a><\/td>\n<\/tr>\n<tr class=\"row-11\">\n\t<td class=\"column-1\">3<\/td><td class=\"column-2\">\u201cExposici\u00f3n de Motivos Relativo a que el republicano Ayuntamiento tiene la facultad de rendir a la poblaci\u00f3n por conducto del Presidente Municipal el Segundo Informe Anual sobre el estado que guarde la Administraci\u00f3n P\u00fablica Municipal.\u201d <\/td><td class=\"column-3\">11\/09\/20<\/td><td class=\"column-4\"><a href=\"http:\/\/riograndezac.gob.mx\/informatica\/wp-content\/uploads\/2020\/09\/CERTIFICACI\u00d3N-DE-ACUERDOS-EXPOSICI\u00d3N-DE-MOTIVOS.pdf\" rel=\"noopener noreferrer\" target=\"_blank\"><img loading=\"lazy\" decoding=\"async\" src=\"http:\/\/riograndezac.gob.mx\/informatica\/wp-content\/uploads\/2018\/09\/pdf-icon-e1537915507553.png\" alt=\"\" width=\"46\" height=\"45\" class=\"aligncenter size-full wp-image-6540\" \/><\/a><\/td>\n<\/tr>\n<tr class=\"row-12\">\n\t<td class=\"column-1\">3<\/td><td class=\"column-2\">\u201cSe apruebo por UNANIMIDAD, el Orden del D\u00eda, que a la letra dice: <br \/>\n1.- Pase de lista. <br \/>\n2.- Declaraci\u00f3n de Qu\u00f3rum Legal e Instalaci\u00f3n de la Asamblea. <br \/>\n3.- Lectura y aprobaci\u00f3n del Orden del D\u00eda. <br \/>\n4.- Exposici\u00f3n de Motivos Relativo a que el republicano Ayuntamiento tiene la facultad de rendir a la poblaci\u00f3n por conducto del Presidente Municipal el Segundo Informe Anual sobre el estado que guarde la Administraci\u00f3n P\u00fablica Municipal.  <br \/>\n5.- Segundo Informe de Gobierno del Ingeniero Julio Cesar Ram\u00edrez L\u00f3pez, Presidente Municipal, sobre el estado que guarda la Administraci\u00f3n Municipal y las labores realizadas durante el periodo septiembre 2019 a septiembre 2020. <br \/>\n6.- Mensaje del Gobernador Constitucional del Estado de Zacatecas, Licenciado Alejandro Tello Cristerna o quien lo represente. <br \/>\n7.- Clausura de la Sesi\u00f3n.     <\/td><td class=\"column-3\">11\/09\/20<\/td><td class=\"column-4\"><a href=\"http:\/\/riograndezac.gob.mx\/informatica\/wp-content\/uploads\/2020\/09\/CERTIFICACI\u00d3N-DE-ACUERDOS.pdf\" rel=\"noopener noreferrer\" target=\"_blank\"><img loading=\"lazy\" decoding=\"async\" src=\"http:\/\/riograndezac.gob.mx\/informatica\/wp-content\/uploads\/2018\/09\/pdf-icon-e1537915507553.png\" alt=\"\" width=\"46\" height=\"45\" class=\"aligncenter size-full wp-image-6540\" \/><\/a><\/td>\n<\/tr>\n<\/tbody>\n<\/table>\n<!-- #tablepress-6 from cache --><\/p>\n","protected":false},"excerpt":{"rendered":"","protected":false},"author":1,"featured_media":0,"parent":6497,"menu_order":0,"comment_status":"closed","ping_status":"closed","template":"","meta":{"_monsterinsights_skip_tracking":false,"_monsterinsights_sitenote_active":false,"_monsterinsights_sitenote_note":"","_monsterinsights_sitenote_category":0,"footnotes":""},"class_list":["post-6601","page","type-page","status-publish","hentry"],"_links":{"self":[{"href":"https:\/\/riograndezac.gob.mx\/informatica\/index.php?rest_route=\/wp\/v2\/pages\/6601","targetHints":{"allow":["GET"]}}],"collection":[{"href":"https:\/\/riograndezac.gob.mx\/informatica\/index.php?rest_route=\/wp\/v2\/pages"}],"about":[{"href":"https:\/\/riograndezac.gob.mx\/informatica\/index.php?rest_route=\/wp\/v2\/types\/page"}],"author":[{"embeddable":true,"href":"https:\/\/riograndezac.gob.mx\/informatica\/index.php?rest_route=\/wp\/v2\/users\/1"}],"replies":[{"embeddable":true,"href":"https:\/\/riograndezac.gob.mx\/informatica\/index.php?rest_route=%2Fwp%2Fv2%2Fcomments&post=6601"}],"version-history":[{"count":2,"href":"https:\/\/riograndezac.gob.mx\/informatica\/index.php?rest_route=\/wp\/v2\/pages\/6601\/revisions"}],"predecessor-version":[{"id":6606,"href":"https:\/\/riograndezac.gob.mx\/informatica\/index.php?rest_route=\/wp\/v2\/pages\/6601\/revisions\/6606"}],"up":[{"embeddable":true,"href":"https:\/\/riograndezac.gob.mx\/informatica\/index.php?rest_route=\/wp\/v2\/pages\/6497"}],"wp:attachment":[{"href":"https:\/\/riograndezac.gob.mx\/informatica\/index.php?rest_route=%2Fwp%2Fv2%2Fmedia&parent=6601"}],"curies":[{"name":"wp","href":"https:\/\/api.w.org\/{rel}","templated":true}]}}