{"id":70,"date":"2016-01-10T20:11:54","date_gmt":"2016-01-11T02:11:54","guid":{"rendered":"http:\/\/riograndezac.gob.mx\/informatica\/?page_id=70"},"modified":"2016-02-23T11:13:22","modified_gmt":"2016-02-23T17:13:22","slug":"xvi-la-informacion-publica-de-los-padrones-de-beneficiarios","status":"publish","type":"page","link":"https:\/\/riograndezac.gob.mx\/informatica\/?page_id=70","title":{"rendered":"XVI. LA INFORMACI\u00d3N P\u00daBLICA DE LOS PADRONES DE BENEFICIARIOS"},"content":{"rendered":"<p style=\"text-align: justify;\"><strong>La informaci\u00f3n p\u00fablica de los padrones de beneficiarios de los programas sociales aplicados por el Estado y los municipios, as\u00ed como la informaci\u00f3n sobre el dise\u00f1o, montos, requisitos de acceso,ejecuci\u00f3n y beneficiarios de los programas de subsidio, condonaciones, exenciones, est\u00edmulos o cualquier otro beneficio fiscal.<\/strong><\/p>\n<div style=\"text-align: right;\">\n<p>Informaci\u00f3n actualizada al 4\u00b0 trimestre 2015<\/p>\n<p>&nbsp;<\/p>\n<\/div>\n<div style=\"text-align: left;\"><strong>Listado de padrones de beneficiarios de programas sociales<\/strong><\/div>\n<div style=\"text-align: left;\">\n<table border=\"0\" width=\"702\">\n<tbody>\n<tr>\n<td width=\"435\">\n<div align=\"center\"><strong>Listado<\/strong><\/div>\n<\/td>\n<td width=\"251\">\n<div align=\"center\"><strong>Departamento que genera la informaci\u00f3n<\/strong><\/div>\n<\/td>\n<\/tr>\n<tr>\n<td>\n<ul>\n<li><a href=\"http:\/\/media.riograndezac.gob.mx\/riograndezac.gob.mx\/archivos\/transparencia\/fraccionXVI\/2015\/1er_trimestre\/Justificacion_Art_11_Frac_XVI0001.pdf\" target=\"_blank\">Catastro y Predial 1er Trimestre<\/a><\/li>\n<li><a href=\"http:\/\/media.riograndezac.gob.mx\/riograndezac.gob.mx\/archivos\/transparencia\/fraccionXVI\/2015\/2do_trimestre\/Catastro_2o_2015.pdf\" target=\"_blank\">Catastro y Predial\u00a02\u00b0 Trimestre<\/a><\/li>\n<li><a href=\"http:\/\/media.riograndezac.gob.mx\/riograndezac.gob.mx\/archivos\/transparencia\/fraccionXVI\/2015\/3er_trimestre\/Catastro_3er_2015.pdf\" target=\"_blank\">Catastro y Predial 3er Trimestre<\/a><\/li>\n<li><a href=\"http:\/\/media.riograndezac.gob.mx\/riograndezac.gob.mx\/archivos\/transparencia\/fraccionXVI\/2015\/4to_trimestre\/Catastro_4to_2015.pdf\" target=\"_blank\">Catastro y Predial 4\u00b0 Trimestre<\/a><\/li>\n<\/ul>\n<\/td>\n<td>\n<ul>\n<li>Catastro y Predial<\/li>\n<\/ul>\n<\/td>\n<\/tr>\n<tr>\n<td>\n<ul>\n<li><a href=\"http:\/\/media.riograndezac.gob.mx\/riograndezac.gob.mx\/archivos\/transparencia\/fraccionXVI\/2015\/1er_trimestre\/Relacion_becas_IMJUVE.pdf\" target=\"_blank\">Relaci\u00f3n beneficiarios Casa de hu\u00e9spedes de IMJUVE 1er Trimestre 2015<\/a><\/li>\n<li><a href=\"http:\/\/media.riograndezac.gob.mx\/riograndezac.gob.mx\/archivos\/transparencia\/fraccionXVI\/2015\/2do_trimestre\/Beneficiarios_Casa_Huespedes_2do_trim_2015.pdf\" target=\"_blank\">Relaci\u00f3n beneficiarios Casa de hu\u00e9spedes de IMJUVE\u00a02\u00b0 Trimestre 2015<\/a><\/li>\n<li><a href=\"http:\/\/media.riograndezac.gob.mx\/riograndezac.gob.mx\/archivos\/transparencia\/fraccionXVI\/2015\/3er_trimestre\/Beneficiarios_Casa_huespedes_3er_trim_2015.pdf\" target=\"_blank\">Relaci\u00f3n beneficiarios Casa de hu\u00e9spedes de IMJUVE 3er Trimestre 2015<\/a><\/li>\n<li><a href=\"http:\/\/media.riograndezac.gob.mx\/riograndezac.gob.mx\/archivos\/transparencia\/fraccionXVI\/2015\/4to_trimestre\/Beneficiarios_Casa_huespedes_4to_trim_2015.pdf\" target=\"_blank\">Relaci\u00f3n beneficiarios Casa de hu\u00e9spedes de IMJUVE 4\u00b0 Trimestre 2015<\/a><\/li>\n<\/ul>\n<\/td>\n<td>\n<ul>\n<li>IMJUVE<\/li>\n<\/ul>\n<\/td>\n<\/tr>\n<tr>\n<td>\n<ul>\n<li><a href=\"http:\/\/media.riograndezac.gob.mx\/riograndezac.gob.mx\/archivos\/transparencia\/fraccionXVI\/2015\/1er_trimestre\/Art%2011%20fraccion%20XVI_Listado%20de%20Padrones%20Apoyos.pdf\" target=\"_blank\">Listado de beneficiarios de apoyos 1er trimestre 2015<\/a><\/li>\n<li><a href=\"http:\/\/media.riograndezac.gob.mx\/riograndezac.gob.mx\/archivos\/transparencia\/fraccionXVI\/2015\/2do_trimestre\/Art.%2011%20Fracci\u00f3n%20XVI%20-%20Listado%20de%20Paddrones(apoyos).pdf\" target=\"_blank\">Listado de beneficiarios de apoyos 2\u00b0 trimestre 2015<\/a><\/li>\n<li><a href=\"http:\/\/media.riograndezac.gob.mx\/riograndezac.gob.mx\/archivos\/transparencia\/fraccionXVI\/2015\/3er_trimestre\/Art.%2011%20Fracci\u00f3n%20XVI%20-%20Listado%20de%20padrones%20(apoyos).pdf\" target=\"_blank\">Listado de beneficiarios de apoyos 3er trimestre 2015<\/a><\/li>\n<li><a href=\"http:\/\/media.riograndezac.gob.mx\/riograndezac.gob.mx\/archivos\/transparencia\/justi4to2015\/Justificacion_4to_trim_2015.pdf\" target=\"_blank\">Listado de beneficiarios de apoyos 4\u00b0 trimestre 2015<\/a><\/li>\n<\/ul>\n<\/td>\n<td>\n<ul>\n<li>Tesorer\u00eda<\/li>\n<\/ul>\n<\/td>\n<\/tr>\n<\/tbody>\n<\/table>\n<p>&nbsp;<\/p>\n<\/div>\n<div style=\"text-align: center;\">\n<hr \/>\n<\/div>\n<div style=\"text-align: center;\"><strong>Informaci\u00f3n 2014<\/strong><\/div>\n<div style=\"text-align: center;\"><strong><br \/>\n<\/strong><\/div>\n<div style=\"text-align: left;\"><strong>Listado de padrones de beneficiarios de programas sociales<\/strong><\/div>\n<div style=\"text-align: left;\">\n<ul>\n<li><a href=\"http:\/\/media.riograndezac.gob.mx\/riograndezac.gob.mx\/archivos\/transparencia\/fraccionXVI\/2014\/2014\/3er_trimestre\/Becarios_Seduzac_junio_2014.pdf\" target=\"_blank\">Becarios Seduzac<\/a><\/li>\n<li><a href=\"http:\/\/media.riograndezac.gob.mx\/riograndezac.gob.mx\/archivos\/transparencia\/fraccionXVI\/2014\/2o%20trimestre\/Apoyos_2o_trim_Deportes.pdf\" target=\"_blank\">Solicitudes de apoyo para el deporte<\/a><\/li>\n<li><a href=\"http:\/\/media.riograndezac.gob.mx\/riograndezac.gob.mx\/archivos\/transparencia\/fraccionXVI\/2014\/2o%20trimestre\/Pesos_a_peso.pdf\" target=\"_blank\">Mejoramiento a la Vivienda peso a peso<\/a><\/li>\n<li><a href=\"http:\/\/media.riograndezac.gob.mx\/riograndezac.gob.mx\/archivos\/transparencia\/fraccionXVI\/2014\/3er_trimestre\/Creditos_julio_2014.pdf\" target=\"_blank\">Fondo Productivo de la Mujer<\/a><\/li>\n<li><a href=\"http:\/\/media.riograndezac.gob.mx\/riograndezac.gob.mx\/archivos\/transparencia\/fraccionXVI\/2014\/2014\/4to_trimestre\/Fondo_productivo_de_la_mujer_4to_trim_2014.pdf\" target=\"_blank\">Fondo Productivo de la Mujer (Diciembre 2014)<\/a><\/li>\n<li><a href=\"http:\/\/media.riograndezac.gob.mx\/riograndezac.gob.mx\/archivos\/transparencia\/fraccionXVI\/2014\/3er_trimestre\/Beneficiarios_casa_de_hospedaje.pdf\" target=\"_blank\">Beneficiarios Casa de Hospedaje (Instituto de la Juventud)<\/a><\/li>\n<li><a href=\"http:\/\/media.riograndezac.gob.mx\/riograndezac.gob.mx\/archivos\/transparencia\/fraccionXVI\/2014\/3er_trimestre\/Des_Agrop_Beneficiaios.pdf\" target=\"_blank\">Participaci\u00f3n de Desarrollo Agropecuario<\/a><\/li>\n<\/ul>\n<\/div>\n<div style=\"text-align: left;\"><\/div>\n<div style=\"text-align: left;\"><strong>Informaci\u00f3n Financiera de apoyos<\/strong><\/div>\n<div style=\"text-align: left;\">\n<ul>\n<li><a href=\"http:\/\/media.riograndezac.gob.mx\/riograndezac.gob.mx\/archivos\/transparencia\/fraccionXVI\/2014\/2014\/1er_trimestre\/Estado_de_Ejercicio_del_Presupuesto_Ene-Mzo.pdf\" target=\"_blank\">Presupuesto de apoyos 1er trimestre 2014<\/a><\/li>\n<li><a href=\"http:\/\/media.riograndezac.gob.mx\/riograndezac.gob.mx\/archivos\/transparencia\/fraccionXVI\/2014\/2014\/2o_trimestre\/Estado_de_Ejercicio_del_Presupuesto_Abr-Jun.pdf\" target=\"_blank\">Presupuesto de apoyos 2\u00b0 trimestre 2014<\/a><\/li>\n<li><a href=\"http:\/\/media.riograndezac.gob.mx\/riograndezac.gob.mx\/archivos\/transparencia\/fraccionXVI\/2014\/2014\/3er_trimestre\/Estado_de_Ejercicio_del_Presupuesto_Jul-Ago.pdf\" target=\"_blank\">Presupuesto de apoyos 3er trimestre 2014<\/a><\/li>\n<li><a href=\"http:\/\/media.riograndezac.gob.mx\/riograndezac.gob.mx\/archivos\/transparencia\/fraccionXVI\/2014\/2014\/4to_trimestre\/Articulo%2011%20fraccion%20XVI%20Listado%20de%20Padrones.pdf\" target=\"_blank\">Presupuesto de apoyos 4\u00b0 trimestre 2014<\/a><\/li>\n<\/ul>\n<\/div>\n<ul>\n<li><a href=\"http:\/\/media.riograndezac.gob.mx\/riograndezac.gob.mx\/archivos\/transparencia\/fraccionXVI\/2014\/Ayudas_2014.pdf\" target=\"_blank\">Presupuesto ejercido en Apoyos, Ayudas a la ciudadan\u00eda 2013<\/a><\/li>\n<\/ul>\n<div style=\"text-align: right;\">________________________________________ \u00a0 \u00a0Enlaces Anteriores \u00a0 \u00a0___________________________________________<\/div>\n<div style=\"text-align: right;\">\n<p>&nbsp;<\/p>\n<ul>\n<li style=\"text-align: left;\"><a href=\"http:\/\/media.riograndezac.gob.mx\/riograndezac.gob.mx\/archivos\/transparencia\/fraccionXVI\/2014\/coprovi_el_bajio.pdf\" target=\"_blank\">Coprovi El Bajio<\/a><\/li>\n<li style=\"text-align: left;\"><a href=\"http:\/\/media.riograndezac.gob.mx\/riograndezac.gob.mx\/archivos\/transparencia\/fraccionXVI\/2014\/coprovi_etapa_1.pdf\" target=\"_blank\">Coprovi etapa 1<\/a><\/li>\n<li style=\"text-align: left;\"><a href=\"http:\/\/media.riograndezac.gob.mx\/riograndezac.gob.mx\/archivos\/transparencia\/fraccionXVI\/2014\/coprovi_etapa_2.pdf\" target=\"_blank\">Coprovi Etapa 2<\/a><\/li>\n<li style=\"text-align: left;\"><a href=\"http:\/\/media.riograndezac.gob.mx\/riograndezac.gob.mx\/archivos\/transparencia\/fraccionXVI\/2014\/LISTAS_DE_BENEFICIARIOS_CDC.pdf\" target=\"_blank\">Lista de Beneficiarios del CDC<\/a><\/li>\n<\/ul>\n<p>&nbsp;<\/p>\n<\/div>\n<div>\n<ul>\n<li style=\"text-align: left;\"><a href=\"http:\/\/desarrollo.riograndezac.gob.mx\/informes-de-obras\/consultar\/2011\" target=\"_blank\">Obras Fondo III<\/a><\/li>\n<li><a href=\"http:\/\/desarrollo.riograndezac.gob.mx\/informes-de-obras\/consultar-obras-3x1\/2011\" target=\"_blank\">Obras 3&#215;1<\/a><\/li>\n<li><a href=\"http:\/\/desarrollo.riograndezac.gob.mx\/informes-de-obras\/educacion\/2011\" target=\"_blank\">Educaci\u00f3n<\/a><\/li>\n<li><a href=\"http:\/\/media.riograndezac.gob.mx\/riograndezac.gob.mx\/archivos\/transparencia\/fraccionXVI\/CONCENTRADO_CEMENTO_SECOP297.pdf\" target=\"_blank\">Cemento SECOP<\/a><\/li>\n<li><a href=\"http:\/\/media.riograndezac.gob.mx\/riograndezac.gob.mx\/archivos\/transparencia\/fraccionXVI\/CONCENTRADO_CEMENTO_SECOP303.pdf\" target=\"_blank\">Cemento \u00a0SECOP2<\/a><\/li>\n<li><a href=\"http:\/\/media.riograndezac.gob.mx\/riograndezac.gob.mx\/archivos\/transparencia\/fraccionXVI\/4to_tirm_fIII.pdf\" target=\"_blank\">Obras Fondo III<\/a><\/li>\n<li><a href=\"http:\/\/media.riograndezac.gob.mx\/riograndezac.gob.mx\/archivos\/transparencia\/fraccionXVI\/4to_trim_FIV.pdf\" target=\"_blank\">Obras Fondo IV<\/a><\/li>\n<\/ul>\n<\/div>\n<p>APOYO COPROVI 2012<\/p>\n<ul>\n<li><a href=\"http:\/\/media.riograndezac.gob.mx\/riograndezac.gob.mx\/archivos\/transparencia\/fraccionXVI\/coprovi_2012.pdf\" target=\"_blank\">Mejoramiento de Viviendo Peso a Peso<\/a><\/li>\n<li><a href=\"http:\/\/media.riograndezac.gob.mx\/riograndezac.gob.mx\/archivos\/transparencia\/fraccionXVI\/320391ME019.pdf\" target=\"_blank\">Informe de Hogares Beneficiados 2012 HABITAT<\/a><\/li>\n<\/ul>\n","protected":false},"excerpt":{"rendered":"<p>La informaci\u00f3n p\u00fablica de los padrones de beneficiarios de los programas sociales aplicados por el Estado y los municipios, as\u00ed como la informaci\u00f3n sobre el dise\u00f1o, montos, requisitos de acceso,ejecuci\u00f3n y beneficiarios de los programas de subsidio, condonaciones, exenciones, est\u00edmulos o cualquier otro beneficio fiscal. Informaci\u00f3n actualizada al 4\u00b0 trimestre 2015 &nbsp; Listado de padrones de beneficiarios de programas sociales Listado Departamento que genera la informaci\u00f3n Catastro y Predial 1er Trimestre Catastro y Predial\u00a02\u00b0 Trimestre Catastro y Predial 3er Trimestre Catastro y Predial 4\u00b0 Trimestre Catastro y Predial Relaci\u00f3n beneficiarios&hellip;<\/p>\n","protected":false},"author":1,"featured_media":0,"parent":7,"menu_order":0,"comment_status":"open","ping_status":"open","template":"","meta":{"_monsterinsights_skip_tracking":false,"_monsterinsights_sitenote_active":false,"_monsterinsights_sitenote_note":"","_monsterinsights_sitenote_category":0,"footnotes":""},"class_list":["post-70","page","type-page","status-publish","hentry"],"_links":{"self":[{"href":"https:\/\/riograndezac.gob.mx\/informatica\/index.php?rest_route=\/wp\/v2\/pages\/70","targetHints":{"allow":["GET"]}}],"collection":[{"href":"https:\/\/riograndezac.gob.mx\/informatica\/index.php?rest_route=\/wp\/v2\/pages"}],"about":[{"href":"https:\/\/riograndezac.gob.mx\/informatica\/index.php?rest_route=\/wp\/v2\/types\/page"}],"author":[{"embeddable":true,"href":"https:\/\/riograndezac.gob.mx\/informatica\/index.php?rest_route=\/wp\/v2\/users\/1"}],"replies":[{"embeddable":true,"href":"https:\/\/riograndezac.gob.mx\/informatica\/index.php?rest_route=%2Fwp%2Fv2%2Fcomments&post=70"}],"version-history":[{"count":15,"href":"https:\/\/riograndezac.gob.mx\/informatica\/index.php?rest_route=\/wp\/v2\/pages\/70\/revisions"}],"predecessor-version":[{"id":2831,"href":"https:\/\/riograndezac.gob.mx\/informatica\/index.php?rest_route=\/wp\/v2\/pages\/70\/revisions\/2831"}],"up":[{"embeddable":true,"href":"https:\/\/riograndezac.gob.mx\/informatica\/index.php?rest_route=\/wp\/v2\/pages\/7"}],"wp:attachment":[{"href":"https:\/\/riograndezac.gob.mx\/informatica\/index.php?rest_route=%2Fwp%2Fv2%2Fmedia&parent=70"}],"curies":[{"name":"wp","href":"https:\/\/api.w.org\/{rel}","templated":true}]}}